f - 39 = 3*a - 5*a, 5*f - 4*a - 65 = 0. What is the highest common divisor of o and f?
13
Suppose 42*s - 1854 = -258. Let r be (-544)/(-28) - 6/14. Calculate the greatest common divisor of r and s.
19
Let l be (-1 - 12/(-5))/((-33)/(-81345)). Calculate the greatest common factor of 51 and l.
17
Suppose 251*a = 258*a - 2793. What is the greatest common factor of 342 and a?
57
Suppose t - 38 = 28. Let p = -85 - -95. Suppose w + 0 - 8 = -2*z, -z = -w - p. What is the highest common divisor of z and t?
6
Let n(q) = -172*q - 916. Let c be n(-4). Let v be -1*1*-1 + -5. Let r be (v - c)*3*(-3)/(-18). Calculate the greatest common divisor of r and 16.
16
Let i(d) = 31*d - 94. Let j be i(3). Let r be (75/(-3) + 0)/j. Let a be 200 + 0 + (0 - 0). Calculate the highest common divisor of r and a.
25
Let s(k) = 976*k**2 + 3*k + 9. Let m be s(-3). What is the greatest common factor of m and 36?
36
Let l(m) = -14*m**3 - 75*m**2 + 12*m. Let w be l(-7). What is the highest common factor of 149 and w?
149
Let k = 1533 - 1417. Suppose -i - 2*i - 5*g + 460 = 0, 5*i = -2*g + 735. Calculate the greatest common divisor of i and k.
29
Let l(r) = 18*r - 16. Let c be l(2). Let b be (c - 13)*24/21. Suppose -2*t + 24 = -t. Calculate the highest common factor of b and t.
8
Let u = -280 - -550. Let p be (-2)/(-16) + (-79)/(-8). What is the greatest common factor of u and p?
10
Suppose -4*y - 25 = 3*c - 2*c, -5*c - 2*y - 89 = 0. Let b be (1 - c)/(5 + (-19)/4). What is the greatest common divisor of 180 and b?
36
Let z be 3/(-2)*(3 - -43). Let y = -98 - z. Let q = y + 36. Calculate the greatest common factor of 14 and q.
7
Let u(q) = -19*q + 129*q**2 - 44*q**2 - 170 - 42*q**2 - 16 - 42*q**2. Let i be u(33). What is the highest common factor of i and 184?
92
Suppose 0 = -2*m - 1 - 9. Let b be m/5 - (4 + -13). Calculate the highest common divisor of 136 and b.
8
Suppose -3*z + 15 = 2*c + 21, 0 = 5*c + 3*z + 6. Suppose 6*t - 131 - 571 = c. Calculate the greatest common divisor of 27 and t.
9
Let w be (-8*62/4)/(2/(-3)). Calculate the highest common factor of 132 and w.
6
Let n be (1 + 79)*2/4. Suppose 4*o + l = 3*o + n, 5*o + l - 200 = 0. Suppose 3600 = 44*u - 26*u. What is the greatest common factor of u and o?
40
Let r(i) = 7*i + 2. Let y be r(3). Let b = -18 + y. Let z be 2/b - (-240)/25. Calculate the highest common factor of z and 40.
10
Let g be 38 - -2 - (-11 + 7). Let b(u) = -132*u. Let o be b(-3). Calculate the greatest common divisor of g and o.
44
Let r(u) = 12*u**2 + 47*u - 280. Let i be r(-22). What is the greatest common factor of i and 28?
14
Let a(r) = -r**3 + 24*r**2 + 60*r - 258. Let y be a(20). What is the highest common divisor of 155 and y?
31
Let x = 95 - 29. Suppose 0 = 2*j - 6*j + 808. Let s be -3 - (j/(-22) - (-2)/11). What is the greatest common divisor of s and x?
6
Let q = 10663 - 10651. What is the greatest common factor of q and 5646?
6
Let h(c) = -c**3 - 13*c**2 - 22*c + 4. Let y be h(-11). Suppose 4*f - 846 = -5*x, y*x - 10*f + 5*f = 685. What is the highest common divisor of 10 and x?
10
Suppose 32 = j - 3*x, -63 = -2*j + x - 19. Let q be 9*10*16/j. Suppose 13*b - 5*w = 8*b + 25, 3*b + 2*w = 30. Calculate the highest common factor of b and q.
8
Let g(o) = -o**2 - 11*o - 19. Let w be g(-10). Let a be (-1)/(w/4615) + (-32)/(-144). What is the highest common divisor of 27 and a?
27
Let m = -716 - -1983. Calculate the greatest common factor of 1629 and m.
181
Suppose 45*n - 12*n - 679510 = -149167. What is the greatest common factor of n and 33?
33
Let y(s) = 4*s - 2. Let l(n) = 2*n**2 - 14*n + 4. Let p be l(7). Let a be y(p). Calculate the highest common factor of a and 126.
14
Let g = 5555 - -997. What is the highest common divisor of 28 and g?
28
Suppose -421*h + 14388 = 15*h. Suppose 0*p = 3*p - 792. What is the greatest common divisor of p and h?
33
Let b(l) = l**3 + 25*l**2 - 55*l + 14. Let y be b(-27). Calculate the highest common divisor of y and 451.
41
Suppose -1660*x + 1598*x = -930. Suppose -5*n = -t + 4*t - 1284, n = 4*t + 243. Calculate the greatest common divisor of x and n.
15
Suppose 32518 - 9696 = 23*w - 17129. Calculate the highest common factor of w and 225.
9
Suppose 0 = -4*c - 3 + 95. Let s be (-657)/(-12) - (-8)/32. Let f = 129 + s. What is the highest common factor of f and c?
23
Suppose 0 = 2*d + 5*m - 1655, d - 841 = -0*d + 2*m. Suppose 4*i - t = d, 5*i + t - 956 - 90 = 0. What is the greatest common divisor of 11 and i?
11
Let t(u) = -2*u + 1 - 1 + 7. Let p be t(6). Let y be (2/(-3))/(p/900). What is the highest common divisor of y and 30?
30
Suppose 12*q = 3*x - 234, -4*q = -6*x + 3*x + 258. What is the highest common factor of x and 168?
6
Suppose -l + 6*l = 2*x + 77, 5*x = 4*l - 65. Let w = 190 + 40. Suppose 9*g - w = 175. Calculate the highest common factor of g and l.
15
Let a be (-48)/26 - -2 - 756/(-156). Suppose f + a*r = 26, -3*r - 88 - 62 = -4*f. What is the highest common divisor of 54 and f?
18
Let o(p) = -8*p**2 - 15*p + 17. Let z be o(-8). Let t = 378 + z. Calculate the highest common divisor of 21 and t.
3
Suppose 0 = -9*n + 6*n - 5*x + 115, -3*n = -5*x - 185. Calculate the greatest common divisor of 755 and n.
5
Let t(b) be the first derivative of -3*b**2/2 + 27*b - 136. Let h be t(4). What is the highest common divisor of h and 285?
15
Let d = 6402 + -6132. Calculate the greatest common factor of 621 and d.
27
Suppose 3*g = -5 + 35. Suppose -7*n + 25 - 1152 = 0. Let l = n - -231. Calculate the highest common factor of g and l.
10
Let v(m) = 4*m + 12. Let p be v(3). Suppose p*f = 15*f + 441. Calculate the greatest common divisor of 147 and f.
49
Let x = -452 - -460. Suppose -79 = -5*i - w, -x*i - 33 = -10*i + w. What is the greatest common divisor of i and 216?
8
Let j(u) = -158*u - 127. Let l be j(-24). Suppose 16*c - 1199 = l. What is the highest common divisor of 16 and c?
16
Suppose 5*v - 1 = -5*r + 3*r, -3*v = -r - 5. Calculate the greatest common factor of v and 181.
1
Let o(j) be the first derivative of 22*j**3/3 + 44. Let a be o(-4). Calculate the highest common divisor of a and 11.
11
Let a be 288/84*168/36. Suppose -5*c + 3*c = -64. Calculate the greatest common factor of a and c.
16
Let f be 1*-3*-1*400/150. Let o be (-44 - -4)/4*-2. Let z = o - 0. Calculate the highest common factor of f and z.
4
Let o = -39 + 12. Let s = o - -45. Let a be (-1)/(5 + -4) + -2 + 66. What is the greatest common divisor of a and s?
9
Suppose 8*p = 10*p - 70. Suppose 0 = 2*o + 2*z - 42, 90 = 5*o - 33*z + p*z. What is the highest common divisor of 104 and o?
8
Suppose x = -31*g + 33*g - 666, -2*g - 2*x = -684. What is the greatest common divisor of g and 952?
56
Let m(w) = w**3 - w**2 + 416*w - 416*w. Let j be m(0). Suppose y - 4*t - 18 = -j*t, 2*y = -t. What is the highest common divisor of 22 and y?
2
Suppose -48*b = -50*b + 80. Let y(g) = 53*g + 22. Let q be y(2). What is the greatest common factor of b and q?
8
Let s(h) = -542*h + 1. Let i be s(-15). Calculate the greatest common factor of 47 and i.
47
Let b = 76 - 71. Suppose 0 = b*a + 5, 0 = 3*y + 2*y + 3*a - 7. Let s be 183 - (-3 - ((-10)/y - -3)). What is the highest common factor of 23 and s?
23
Let x be 1792/98 + 6 - (0 - (-4)/14). Calculate the highest common factor of 2552 and x.
8
Suppose -53*j = -97*j + 220. Calculate the highest common factor of 1330 and j.
5
Let w(k) = 2*k**3 - 18*k**2 + k + 17. Suppose 0 = 33*i - 26*i - 63. Let f be w(i). What is the greatest common divisor of f and 962?
26
Let u be (-7)/(35/(-3195)) + -1. Suppose 7*i - u = 1938. Suppose -2*l - 4*r = -i, -4*r = -3*l - 234 + 766. Calculate the highest common factor of 36 and l.
36
Let f = -15 + 77. Let j = f + -44. Let x = j + -4. What is the greatest common divisor of 7 and x?
7
Let q be 0/12*2/(-2) + 257. Calculate the highest common factor of q and 10280.
257
Suppose 104*m - 431977 + 104897 = 0. What is the highest common factor of m and 85?
85
Suppose 0*a - a = -103. Let f = a + -77. Calculate the greatest common divisor of f and 182.
26
Let x = -8891 + 12124. Calculate the highest common factor of x and 61.
61
Let n = 233 + -188. Let g be 1*1105 - (n - 47). Calculate the greatest common factor of g and 27.
27
Let b = 4093 - 3941. What is the highest common factor of 6 and b?
2